termine i(33).
-9
Let l(v) = 11*v - 70. Calculate l(6).
-4
Let z(g) = -2*g**2 - 9*g - 13. Determine z(-4).
-9
Let m(o) = -9*o**2 - o - 2. What is m(-2)?
-36
Let m(w) = -5*w - 4. What is m(-2)?
6
Let i(b) = b**3 + 11*b**2 + 13*b + 23. What is i(-10)?
-7
Let x(m) = m**2 - 7*m - 14. What is x(8)?
-6
Let m(i) = -9*i - 74. What is m(-13)?
43
Let t(r) = -r**2 - 14*r + 21. Determine t(-15).
6
Let c(u) = -20*u - 7. Give c(-1).
13
Let q(j) = -4*j**2 - 4*j - 2. What is q(-4)?
-50
Let k(h) = -h**3 - 4*h**2 + 33*h - 5. What is k(4)?
-1
Let d(a) = -6*a + 5. Calculate d(3).
-13
Let d(i) = -i**2 - 15*i - 18. Give d(-12).
18
Let g(c) = -3*c**2 + 23*c - 7. Calculate g(7).
7
Let x(b) = -b**3 + 6*b + 10. Determine x(-2).
6
Let y(d) = d**3 - 18*d**2 - 19*d + 34. Give y(19).
34
Let d(w) = 10*w**2 - 5*w - 4. Give d(-1).
11
Let z(j) = j**2 - 7*j. Calculate z(10).
30
Let z(h) = -3*h - 11. What is z(7)?
-32
Let c(v) = -v**2 - 7*v - 8. What is c(-7)?
-8
Let g(c) = -c**3 + 9*c**2 + 11*c + 2. Determine g(10).
12
Let d(y) = 44*y**3 + y**2 + y - 1. Calculate d(1).
45
Let y(c) = 6*c + 57. Give y(-10).
-3
Let u(k) = -k**3 + k**2 - 4*k + 1. Determine u(2).
-11
Let r(p) = 67*p + 142. What is r(-2)?
8
Let v(f) = f**3. Give v(3).
27
Let l(q) = 2*q**2 + 13*q + 11. What is l(-5)?
-4
Let v(i) = -4*i - 25. What is v(-7)?
3
Let z(f) = f - 32. Give z(13).
-19
Let b(d) = d**3 + d**2 - 17*d - 2. What is b(-5)?
-17
Let m(h) = 4*h**3 - h**2 - 2. Give m(3).
97
Let n(d) = d**2 - 5*d - 37. Calculate n(-4).
-1
Let y(m) = -18*m**2 + 2*m - 1. Calculate y(1).
-17
Let t(j) = -2*j**3 - 2*j**2 - 6. Give t(0).
-6
Let d(q) = -7*q**2 - 3*q - 1. Determine d(-2).
-23
Let x(j) = -j**3 + j**2 + j - 2. Give x(1).
-1
Let a(y) = -10*y - 4. What is a(-2)?
16
Let u(i) = -i**2 - 18*i - 38. Calculate u(-4).
18
Let a(r) = -3*r - 23. What is a(-7)?
-2
Let h(k) = -k**3 + 7*k**2 - k + 175. Determine h(9).
4
Let m(r) = -r**2 + r + 11. Calculate m(4).
-1
Let j(i) = -3*i - 4. Give j(-6).
14
Let n(a) = 8*a - 633. What is n(77)?
-17
Let z(p) = -16*p**3 + 4*p**2 + 5*p + 2. Give z(-1).
17
Let m(u) = u**2 + 4*u - 78. What is m(-12)?
18
Let y(p) = p**3 - 9*p**2 - 3*p + 15. Give y(10).
85
Let i(t) = -t**3 - 5*t**2 + t + 1. What is i(-5)?
-4
Let s(p) = -p**3 - p**2 + 6*p - 5. What is s(4)?
-61
Let w(a) = 2*a**3 + 3*a**2 - 6*a + 5. Calculate w(-4).
-51
Let b(r) = r**3 - 14*r**2 - 13*r - 33. Give b(15).
-3
Let u(j) = -j**2 - 8*j - 14. Determine u(-6).
-2
Let n(z) = -z**2 + 25*z - 106. Calculate n(21).
-22
Let z(y) = y**2 - 10*y + 6. Give z(7).
-15
Let x(a) = -21*a - 200. Give x(-9).
-11
Let w(g) = g**2 - 8*g - 10. Calculate w(-1).
-1
Let h(i) = i**3 - i**2 + i - 42. Give h(0).
-42
Let f(m) = -m**3 + 6*m**2 - m + 6. What is f(6)?
0
Let r(d) = d + 3. Give r(5).
8
Let v(m) = m - 19. Calculate v(-11).
-30
Let o(h) = -38*h**3 + 1. Calculate o(-1).
39
Let t(a) = -22*a**3 - a**2 - a + 1. Determine t(1).
-23
Let w(u) = u**2 - 14*u - 2. Calculate w(14).
-2
Let q(v) = -v - 14. Calculate q(6).
-20
Let u(f) = -f**2 + 26*f + 58. Calculate u(27).
31
Let j(m) = m**3 + 55*m**2 + 106*m + 3. Calculate j(-53).
3
Let f(o) = -o**3 - 5*o**2 + 7. Give f(-5).
7
Let z(n) = -n**2 - 8*n + 49. Calculate z(-12).
1
Let r(t) = t**3 - 19*t**2 - 3*t + 9. Give r(19).
-48
Let o(h) = -3*h + 11. Calculate o(6).
-7
Let o(q) = 4*q - 39. Calculate o(12).
9
Let b(p) = -18*p - 510. Calculate b(-28).
-6
Let i(k) = 5*k**2 + 2*k + 4. What is i(3)?
55
Let u(i) = 10*i**3 - 7*i**2 + 4*i. Determine u(2).
60
Let x(z) = z**3 - z**2 - 9*z - 10. Determine x(-3).
-19
Let a(l) = 16*l**2 - 99*l + 13. Calculate a(6).
-5
Let h(r) = -r**2 - 11*r + 1. What is h(-11)?
1
Let m(v) = -v**3 - 36*v**2 - 32*v + 37. Calculate m(-35).
-68
Let d(z) = -5*z - 14. Calculate d(-3).
1
Let j(b) = -b**3 - b**2 - 2*b. What is j(-2)?
8
Let h(i) = -38*i - 191. Determine h(-5).
-1
Let s(x) = -209*x + 1264. Calculate s(6).
10
Let m(g) = 2*g + 2. What is m(-6)?
-10
Let z(o) = -6*o**2 - 17*o - 17. Calculate z(-1).
-6
Let l(o) = -10*o**2 + 6*o - 4. Calculate l(1).
-8
Let j(l) = 42*l - 177. What is j(4)?
-9
Let l(g) = 16*g + 2. Determine l(-2).
-30
Let g(q) = -2*q**2 + 4*q - 6. Determine g(3).
-12
Let p(z) = -z**3 - 10*z**2 - 14*z + 19. Give p(-8).
3
Let n(c) = 14*c + 61. What is n(-4)?
5
Let z(b) = b**3 + 11*b**2 - 30*b + 162. Give z(-14).
-6
Let p(t) = -t + 2. What is p(11)?
-9
Let k(v) = -v**3 - 6*v**2 - 4*v - 3. What is k(-5)?
-8
Let r(f) = f**3 - 10*f**2 + 11*f - 12. Calculate r(9).
6
Let y(w) = w - 70. What is y(6)?
-64
Let i(u) = -10*u + 13. Give i(-9).
103
Let k(f) = -76*f - 72. What is k(-1)?
4
Let w(t) = 2*t**2 - 3*t - 4. Give w(-3).
23
Let q(s) = -s + 6. Determine q(7).
-1
Let c(n) = -n**3 + 17*n**2 + 39*n - 17. Give c(19).
2
Let i(f) = f**3 - 19*f**2 + 19*f + 12. Give i(18).
30
Let g(s) = 8*s - 33. Determine g(6).
15
Let y(r) = r**3 - 7*r**2 + 4*r - 5. What is y(5)?
-35
Let c(h) = -h**3 + 7*h**2 - 2*h + 7. Calculate c(7).
-7
Let r(m) = 2*m**2 - 9*m + 11. Calculate r(5).
16
Let i(g) = g**3 + 7*g**2 - 6*g + 11. Give i(-8).
-5
Let h(g) = g**2 - 26*g - 413. Determine h(-11).
-6
Let g(b) = -b**3 + 14*b**2 - 14*b + 18. Calculate g(13).
5
Let f(g) = 5*g + 18. Calculate f(-8).
-22
Let u(r) = -r + 14. Determine u(9).
5
Let y(s) = -s**3 + 11*s**2 - 5*s + 11. Calculate y(10).
61
Let g(w) = -4*w**2 + 2*w + 6. Determine g(-2).
-14
Let j(x) = 53*x + 788. What is j(-15)?
-7
Let g(k) = k**2 - 9*k - 2. What is g(8)?
-10
Let x(d) = d**2 + 3*d - 14. Calculate x(-7).
14
Let f(v) = -2*v**3 - v**2 - 3*v - 6. Determine f(-4).
118
Let f(r) = r + 43. Give f(-19).
24
Let p(k) = k**3 + 3*k**2 - k + 5. Give p(-4).
-7
Let d(y) = -y**3 - 10*y**2 + 21*y - 2. What is d(-12)?
34
Let r(b) = b**2 + 33*b + 32. Give r(-32).
0
Let n(y) = -15*y + 3. Give n(3).
-42
Let d(y) = y - 6. What is d(0)?
-6
Let z(p) = p**2 - p + 12. Calculate z(4).
24
Let b(k) = k**3 - 6*k**2 - 15*k + 17. What is b(8)?
25
Let q(o) = -o**3 - 10*o**2 + 3*o + 17. Determine q(-10).
-13
Let b(c) = -21*c - 150. Give b(-7).
-3
Let o(c) = -c**3 - 11*c**2 + 7*c + 5. Determine o(-12).
65
Let h(p) = -2*p**2 + 18*p - 3. What is h(9)?
-3
Let b(h) = 2*h - 18. Determine b(-11).
-40
Let b(g) = 3*g**3 + 4*g**2 + 10*g + 13. Determine b(-4).
-155
Let o(q) = q**2 + 16*q + 5. What is o(-15)?
-10
Let l(z) = -3*z + 5. Determine l(1).
2
Let a(u) = -u**2 + 3*u - 1. Determine a(3).
-1
Let n(l) = l**2 + 2*l - 9. Determine n(-3).
-6
Let n(p) = 88*p - 84. What is n(1)?
4
Let w(a) = a + 13. Calculate w(-16).
-3
Let x(b) = -b**2 - 18*b + 75. Determine x(-21).
12
Let z(g) = 2*g**3 - 2*g - 1. Calculate z(2).
11
Let p(t) = 14*t + 1. Give p(3).
43
Let s(k) = k**2 - 10*k + 22. What is s(8)?
6
Let v(s) = -s**3 + 10*s**2 + 10*s + 8. Give v(9).
179
Let k(x) = -x + 26. Calculate k(0).
26
Let a(m) = 10*m - 86. Calculate a(6).
-26
Let d(h) = h**3 + 20*h**2 - 3*h - 57. Determine d(-20).
3
Let y(z) = z**2 - 2*z - 3. Determine y(4).
5
Let k(q) = q**3 - 10*q**2 + 11*q + 27. Give k(9).
45
Let t(s) = -31*s**2 - s. Determine t(1).
-32
Let k(j) = -j**3 - j**2 + 1. Calculate k(-1).
1
Let l(m) = -3*m + 1. Determine l(2).
-5
Let s(x) = -x**3 + 18*x**2 - 16*x - 10. Give s(17).
7
Let q(m) = 19*m + 137. Calculate q(-6).
23
Let l(y) = -y - 18. Calculate l(-5).
-13
Let v(z) = z**3 + 3*z**2 - 7*z - 15. What is v(-2)?
3
Let u(x) = -4*x**3 + 9*x**2 + 2*x + 5. Give u(4).
-99
Let q(w) = -w**3 - 4*w**2 + 12*w - 12. Give q(-6).
-12
Let j(l) = 29*l + 5. Give j(0).
5
Let r(i) = i**2 + 5*i - 5. Calculate r(-7).
9
Let k(t) = -t**2 + 23*t + 98. What is k(27)?
-10
Let r(p) = p**3 + 14*p**2 + 13*p + 2. Calculate r(-13).
2
Let b(m) = -9*m**2 - 2*m. Calculate b(2).
-40
Let c(x) = 5*x + 74. What is c(-14)?
4
Let w(m) = -8*m + 147. What is w(19)?
-5
Let d(n) = n - 1. Determine d(-9).
-10
Let v(a) = -a**3 - 9*a**2 - 3. What is v(-9)?
-3
Let j(s) = -2*s + 4. Determine j(-5).
14
Let m(w) = -3*w - 17. Calculate m(-8).
7
Let d(b) = b**2 - 18*b - 28. Give d(19).
-9
Let d(r) = r**3 + 6*r**2 - 46*r + 29. Give d(4).
5
Let h(t) = -t**3 + 24*t**2 - t + 31. Determine h(24).
7
Let q(h) = 8*h + 8. Give q(0).
8
Let g(a) = 3*a**2 + 5*a + 6. Calculate g(-3).
18
Let y(d) = -d**3 + 15*d**2 - 17*d + 39. Calculate y(14).
-3
Let k(f) = f**2 + 27*f + 126. Give k(-21).
0
Let x(y) = -6*y**2 + 2*y - 1. Calculate x(2).
-21
Let b(p) = 7*p**2 - 2*p - 3. Give b(3)